 be 0 - (8*-4 + -1). Let n = 135 + -125. Suppose n*z = 3*z + 154. Calculate the greatest common divisor of z and g.
11
Suppose -x - 3*i - 2*i + 20 = 0, -13 = -5*x + 4*i. Let k be 1491/27 - (-2)/(-9). Calculate the highest common factor of x and k.
5
Suppose 6 = 5*z - 3*j, -4*z + 8 + 19 = 5*j. Let o be 4*(z - (-3)/(-2)). Let u be (-16)/o*(-66)/8. What is the greatest common factor of u and 242?
22
Let k(d) = -d**3 + 51*d**2 - 2*d + 146. Let h be k(51). Calculate the greatest common divisor of h and 24.
4
Suppose 17*s - 14*s = 147. What is the highest common divisor of s and 7?
7
Let u be (14/(-7))/(2/(-40)). Suppose y + g = -4*g + 50, 4*y = -4*g + 216. Let r = y - -5. Calculate the greatest common divisor of u and r.
20
Suppose x - 48 = 75. Calculate the greatest common divisor of x and 205.
41
Let j(d) = d**3 + 5*d**2 - 13*d + 5. Let k be j(-7). Let s be ((-34)/(-7) + -4)/(k/(-84)). What is the highest common factor of 12 and s?
12
Suppose p - 408 = 5*p. Let s = p + 171. Suppose -13*q = 305 - 604. Calculate the greatest common factor of s and q.
23
Suppose -4*w + 153 - 65 = 0. What is the highest common divisor of 6 and w?
2
Suppose -5 - 15 = -4*d. Suppose 0 = 4*s - 5*n - 35 - 37, -3*n - 90 = -d*s. What is the highest common factor of 27 and s?
9
Let b be (12 + 1351/(-14))/((-1)/2). What is the greatest common divisor of 221 and b?
13
Let j = -16 + 23. Suppose 3 = h + j. Let i(s) = -2*s**3 - 5*s**2 - 2*s + 4. Let d be i(h). Calculate the highest common divisor of 24 and d.
12
Suppose 0*j + 2*j + 4*n - 116 = 0, -2*n = 6. Let v(m) = 9*m - 2. Let g be v(-1). Let z = 19 + g. What is the greatest common divisor of z and j?
8
Suppose 29 - 31 = -2*k. Let u be 402/15 + k/5. Calculate the greatest common divisor of u and 297.
27
Let g be 2*2 + (-6)/(-3). Suppose -g*h + h = 10. Let k be 9/6*h/(-3). Calculate the greatest common divisor of k and 3.
1
Let k = 103 + -101. Suppose 2*v = -5*s + 5, -1 - 1 = -k*s - 2*v. Calculate the greatest common factor of s and 11.
1
Let k(g) = g**2 - 4*g - 3. Let c be -2*35/(-10) - 1. Let z be k(c). Calculate the greatest common factor of 63 and z.
9
Let r be 59/4 - (-3)/12. Suppose -r = -0*t - 3*t. Suppose -n - 146 = -5*y, 3*n = 2 - t. What is the highest common divisor of 29 and y?
29
Let i(q) = -q + 1. Let f be i(2). Let z(n) = -2*n + 1. Let w be z(f). What is the highest common divisor of 12 and w?
3
Let f(g) = g**2 + 220. Let i be f(0). Let w be 19 + (-4)/(12/(-3)). What is the greatest common divisor of w and i?
20
Let h(t) = 4*t**2 - 2*t - 6. Let w(z) = z**3 - 30*z**2 - 31*z - 6. Let b be w(31). Let i be h(b). Calculate the highest common divisor of i and 30.
30
Let m = 36 + 863. What is the highest common divisor of m and 29?
29
Suppose -38*u = -331 - 125. Calculate the highest common divisor of u and 372.
12
Suppose 3*o + 1 = y, -5*o - 4*y = -10*o - 4. Suppose o = 3*w + 2*w + 15. Let z be w + 0 + 14 + 1. Calculate the highest common divisor of z and 6.
6
Let s be 2*-4*(-66)/48. Calculate the highest common factor of s and 99.
11
Suppose 395 = -10*v + 1205. What is the greatest common factor of v and 27?
27
Suppose -8*w = -24 - 24. Suppose -w*j = -7*j + 34. Suppose 4*s = 359 - 19. Calculate the greatest common factor of s and j.
17
Let i(l) = -2*l**2 - 17*l - 11. Let k be i(-7). Let z be (k/30)/(2/102). Calculate the greatest common divisor of z and 85.
17
Let x(b) = 2*b**2 + 11*b - 14. Let y be x(3). What is the highest common divisor of y and 111?
37
Let u(r) = 12*r**3 + 3126*r**2 - 3126*r**2 - 4 + 5*r. Let x be u(1). What is the highest common factor of x and 91?
13
Suppose 8*t + 720 = 1808. What is the highest common factor of t and 17?
17
Suppose 6*a - 9*a = -4*x + 129, 3*x + 3*a = 81. Calculate the highest common factor of 105 and x.
15
Suppose 5 - 23 = -4*o - 2*m, -3*m = -o - 13. Let u be (o - 33/12)*-8. Suppose u*h - 25 = h. What is the greatest common factor of 55 and h?
5
Let m = 18 + -9. Let k = 13 - m. Suppose a + 569 = k*q, q + 5*a - 301 = -q. Calculate the highest common factor of q and 13.
13
Let h = -3 + 12. Let x(a) = a**2 + 8*a - 5. Let j be x(-9). Let u be 2 + -3 + 12/j + 97. Calculate the highest common divisor of h and u.
9
Let h be (-2246)/(-14) + 12/(-28). Suppose 2*b - 4*f = 68, 9*f = 4*b + 7*f - h. What is the greatest common divisor of b and 63?
21
Let v(k) = -k**2 - 6*k + 3. Let f be v(-5). Let c be (f/10)/((-10)/(-25)). Suppose -a = c*a - 12. Calculate the highest common factor of 4 and a.
4
Let z = 313 - 288. Calculate the greatest common factor of 90 and z.
5
Let k(x) = x**3 + 22*x**2 - 25*x - 46. Let b be k(-23). Suppose 10*a - 7*a - 60 = b. What is the greatest common factor of 10 and a?
10
Suppose 0 = -5*n + 25, -n = -4*p + 2*p - 7. Let q be -1 + p - (-220 - 13). What is the greatest common divisor of q and 33?
33
Let x be 9/6*148/(-6). Let l = x + 55. Suppose 4*u - 19 - 17 = 0. Calculate the greatest common divisor of l and u.
9
Let o(v) be the third derivative of v**5/60 - 7*v**4/24 + v**3 - 4*v**2. Let q be o(-9). Let d = 7 - -23. Calculate the greatest common factor of d and q.
30
Let q = 8 + -6. Let t(a) = -102*a - 6. Let x be t(2). Let o = -204 - x. What is the highest common factor of q and o?
2
Let l = -269 + 261. Let w = 10 - -1. Let m = w - l. Calculate the greatest common factor of 19 and m.
19
Let y = -61 + 87. Let k be 4*((-1)/(-1) + 5). Let s = 37 - k. What is the highest common divisor of y and s?
13
Let m be (-4 - (-66)/15) + 1353/55. What is the greatest common divisor of m and 75?
25
Let x(y) = -y**2 - 12. Let u be x(0). Let c = 6 - u. What is the greatest common factor of 27 and c?
9
Suppose -3*n = 12, -5*w = -w - 3*n - 96. Let r be ((-7)/w)/((-2)/174). What is the highest common factor of r and 87?
29
Suppose -66 = -5*b + 2*b - 2*n, 0 = -5*b + 3*n + 129. What is the highest common factor of b and 228?
12
Let c be 19/(-152) - 194/(-16). Let l = -15 + 35. Calculate the greatest common factor of c and l.
4
Let h be -2*(-3)/(-1)*-5. Suppose -2*z = z - h. What is the greatest common factor of z and 70?
10
Suppose 115 - 61 = 6*z. What is the highest common factor of 72 and z?
9
Suppose -4*p + p - 570 = -5*m, 219 = 2*m - 3*p. Calculate the highest common factor of m and 156.
39
Suppose -4*h + 1296 = 2*l, 118*h - 122*h + 1276 = -3*l. Calculate the greatest common factor of h and 84.
14
Let v be -1 - (8 - 10) - -26 - 3. Calculate the highest common divisor of 232 and v.
8
Let q be 5/(25/(-4))*1395/(-18). What is the greatest common divisor of 1054 and q?
62
Suppose -6*r + 2*r + 476 = 0. Let v be (1 + 27)*((-33)/44 - -1). Calculate the highest common divisor of v and r.
7
Let v(r) be the second derivative of -r**5/20 - 5*r**4/12 - 13*r**3/6 - 3*r**2 + r - 5. Let w be v(-6). What is the greatest common factor of w and 18?
18
Let u(f) = -15*f - 2. Let w be u(-2). Let x be 18/4 - (4 + w/(-8)). What is the highest common factor of x and 20?
4
Suppose 1102 = 18*t + 238. What is the highest common divisor of 24 and t?
24
Suppose 11 = 5*u - 9. Suppose -g = -v + 2*g, -u*g + 3 = -v. Let x(f) = -27*f. Let s be x(-1). What is the greatest common divisor of s and v?
9
Suppose -7*w - 2*w + 270 = 0. Calculate the greatest common factor of w and 9.
3
Let j be (-34)/(-14) - 6/14. Suppose 5*w - 11 = -d, j*w = -5*d + 3*d + 6. What is the greatest common factor of 14 and w?
2
Let x be ((-1)/(-2)*0)/(-1 - -3). Let h be (-54)/(x + (-3)/2). Calculate the greatest common factor of h and 18.
18
Let o = -2 + -18. Let b be (-44)/o - 2/10. Calculate the greatest common divisor of b and 4.
2
Let p be -9*-1*(-8)/(-6). Suppose q + 42 = -q. Let m be (-38)/(-14) + (-6)/q. What is the greatest common factor of m and p?
3
Let g = 342 + -90. Suppose 0*h + 2*h + 246 = 2*x, 0 = 2*x - 4*h - g. What is the highest common factor of x and 15?
15
Suppose -2*o = 3*t - 11, -t + 3*t = o - 2. Suppose -592 = 2*z - 4*n, -o*n + 2*n = 2*z + 610. Let i = -142 - z. Calculate the highest common divisor of 20 and i.
20
Let u = 621 + -373. Calculate the highest common divisor of u and 8.
8
Let i(c) = -3*c**3 + 2*c**2 + 2*c + 4. Let r be i(-2). Suppose r = v - 5. Calculate the highest common divisor of v and 74.
37
Suppose -4*o + 3*r = -465, -10*r = -3*o - 5*r + 357. Calculate the highest common divisor of o and 24.
6
Let